{"id":1515,"date":"2023-06-06T12:48:48","date_gmt":"2023-06-06T12:48:48","guid":{"rendered":"http:\/\/dccomputadores.com.br\/?post_type=product&#038;p=1515"},"modified":"2023-06-06T18:08:06","modified_gmt":"2023-06-06T18:08:06","slug":"mouse-optico-1200-dpi-ms-035p-hoopson","status":"publish","type":"product","link":"https:\/\/dccomputadores.com.br\/?product=mouse-optico-1200-dpi-ms-035p-hoopson","title":{"rendered":"Mouse \u00d3ptico 1200 Dpi Ms-035p &#8211; Hoopson"},"content":{"rendered":"<p>Para trabalhar em casa no computador ou aproveitar momentos de lazer, voc\u00ea precisa de conforto e facilidade de movimento. Com o seu Hoopson MS-035P encontre o que voc\u00ea est\u00e1 procurando em um \u00fanico dispositivo com a melhor tecnologia e pre\u00e7o.<\/p>\n<p>A funcionalidade ao alcance da sua m\u00e3o<br \/>\nO sistema de detec\u00e7\u00e3o de movimento \u00f3ptico lhe permitir\u00e1 mover o cursor de uma forma mais precisa e sens\u00edvel do que os sistemas tradicionais.<\/p>\n<p>De f\u00e1cil transporte<br \/>\nNavegue rapidamente pelos documentos e sites da web gra\u00e7as ao seu design ultra-fino, ergon\u00f4mico, leve e conveniente para transportar onde voc\u00ea quiser ou viajar.<\/p>\n","protected":false},"excerpt":{"rendered":"<p>Para trabalhar em casa no computador ou aproveitar momentos de lazer, voc\u00ea precisa de conforto e facilidade de movimento. Com o seu Hoopson MS-035P encontre o que voc\u00ea est\u00e1 procurando em um \u00fanico dispositivo com a melhor tecnologia e pre\u00e7o.<\/p>\n","protected":false},"featured_media":1545,"comment_status":"open","ping_status":"closed","template":"","meta":[],"product_brand":[],"product_cat":[36],"product_tag":[],"class_list":{"0":"post-1515","1":"product","2":"type-product","3":"status-publish","4":"has-post-thumbnail","6":"product_cat-mouse","8":"first","9":"instock","10":"shipping-taxable","11":"purchasable","12":"product-type-simple"},"jetpack_sharing_enabled":true,"_links":{"self":[{"href":"https:\/\/dccomputadores.com.br\/index.php?rest_route=\/wp\/v2\/product\/1515","targetHints":{"allow":["GET"]}}],"collection":[{"href":"https:\/\/dccomputadores.com.br\/index.php?rest_route=\/wp\/v2\/product"}],"about":[{"href":"https:\/\/dccomputadores.com.br\/index.php?rest_route=\/wp\/v2\/types\/product"}],"replies":[{"embeddable":true,"href":"https:\/\/dccomputadores.com.br\/index.php?rest_route=%2Fwp%2Fv2%2Fcomments&post=1515"}],"wp:featuredmedia":[{"embeddable":true,"href":"https:\/\/dccomputadores.com.br\/index.php?rest_route=\/wp\/v2\/media\/1545"}],"wp:attachment":[{"href":"https:\/\/dccomputadores.com.br\/index.php?rest_route=%2Fwp%2Fv2%2Fmedia&parent=1515"}],"wp:term":[{"taxonomy":"product_brand","embeddable":true,"href":"https:\/\/dccomputadores.com.br\/index.php?rest_route=%2Fwp%2Fv2%2Fproduct_brand&post=1515"},{"taxonomy":"product_cat","embeddable":true,"href":"https:\/\/dccomputadores.com.br\/index.php?rest_route=%2Fwp%2Fv2%2Fproduct_cat&post=1515"},{"taxonomy":"product_tag","embeddable":true,"href":"https:\/\/dccomputadores.com.br\/index.php?rest_route=%2Fwp%2Fv2%2Fproduct_tag&post=1515"}],"curies":[{"name":"wp","href":"https:\/\/api.w.org\/{rel}","templated":true}]}}