{"id":1541,"date":"2023-06-06T14:12:27","date_gmt":"2023-06-06T14:12:27","guid":{"rendered":"http:\/\/dccomputadores.com.br\/?post_type=product&#038;p=1541"},"modified":"2023-06-06T16:47:06","modified_gmt":"2023-06-06T16:47:06","slug":"mouse-sem-fio-multilaser-mo286-branco","status":"publish","type":"product","link":"https:\/\/dccomputadores.com.br\/?product=mouse-sem-fio-multilaser-mo286-branco","title":{"rendered":"Mouse sem fio Multilaser MO286 branco"},"content":{"rendered":"<p>Com uma trajet\u00f3ria de mais de 30 anos no mercado brasileiro, a Multilaser \u00e9 uma das maiores representantes do segmento de eletr\u00f4nicos e inform\u00e1ticos. Os mouses da Multilaser t\u00eam uma capacidade de resposta r\u00e1pida e podem ser transportados sem danificar a sua estrutura. Eles s\u00e3o caracterizados por uma textura macia, que favorece os movimentos tornando-os mais leves e proporcionando mais agilidade.<\/p>\n<p>Adaptado aos seus movimentos<br \/>\nSeu design eficaz o torna num mouse confort\u00e1vel, com uma grande experi\u00eancia de uso para aqueles que est\u00e3o procurando seguran\u00e7a em cada clique.<\/p>\n<p>A funcionalidade ao alcance da sua m\u00e3o<br \/>\nO sistema de detec\u00e7\u00e3o de movimento \u00f3ptico lhe permitir\u00e1 mover o cursor de uma forma mais precisa e sens\u00edvel do que os sistemas tradicionais.<\/p>\n<p>Plug And Play<br \/>\nBasta colocar o receptor em uma porta USB do computador e voc\u00ea pode come\u00e7ar a us\u00e1-lo. N\u00e3o \u00e9 preciso emparelhar o mouse ou baixar um software para us\u00e1-lo.<\/p>\n<p>Tecnologia sem fio<br \/>\nTrabalhe sem fio e mova-se livremente sem nenhuma interrup\u00e7\u00e3o. Como n\u00e3o h\u00e1 cabos, seu escrit\u00f3rio fica limpo. Al\u00e9m disso, voc\u00ea pode facilmente levar o mouse de um espa\u00e7o de trabalho para outro.<\/p>\n<p>Adequado para f\u00e1cil transporte<br \/>\nNavegue rapidamente pelos documentos e sites da web gra\u00e7as ao seu design ultra-fino, ergon\u00f4mico, leve e conveniente para transportar onde voc\u00ea quiser ou viajar.<\/p>\n","protected":false},"excerpt":{"rendered":"<p>Com uma trajet\u00f3ria de mais de 30 anos no mercado brasileiro, a Multilaser \u00e9 uma das maiores representantes do segmento de eletr\u00f4nicos e inform\u00e1ticos. Os mouses da Multilaser t\u00eam uma capacidade de resposta r\u00e1pida e podem ser transportados sem danificar a sua estrutura. Eles s\u00e3o caracterizados por uma textura macia, que favorece os movimentos tornando-os mais leves e proporcionando mais agilidade.<\/p>\n","protected":false},"featured_media":1543,"comment_status":"open","ping_status":"closed","template":"","meta":[],"product_brand":[],"product_cat":[36],"product_tag":[],"class_list":{"0":"post-1541","1":"product","2":"type-product","3":"status-publish","4":"has-post-thumbnail","6":"product_cat-mouse","8":"first","9":"instock","10":"shipping-taxable","11":"purchasable","12":"product-type-simple"},"jetpack_sharing_enabled":true,"_links":{"self":[{"href":"https:\/\/dccomputadores.com.br\/index.php?rest_route=\/wp\/v2\/product\/1541","targetHints":{"allow":["GET"]}}],"collection":[{"href":"https:\/\/dccomputadores.com.br\/index.php?rest_route=\/wp\/v2\/product"}],"about":[{"href":"https:\/\/dccomputadores.com.br\/index.php?rest_route=\/wp\/v2\/types\/product"}],"replies":[{"embeddable":true,"href":"https:\/\/dccomputadores.com.br\/index.php?rest_route=%2Fwp%2Fv2%2Fcomments&post=1541"}],"wp:featuredmedia":[{"embeddable":true,"href":"https:\/\/dccomputadores.com.br\/index.php?rest_route=\/wp\/v2\/media\/1543"}],"wp:attachment":[{"href":"https:\/\/dccomputadores.com.br\/index.php?rest_route=%2Fwp%2Fv2%2Fmedia&parent=1541"}],"wp:term":[{"taxonomy":"product_brand","embeddable":true,"href":"https:\/\/dccomputadores.com.br\/index.php?rest_route=%2Fwp%2Fv2%2Fproduct_brand&post=1541"},{"taxonomy":"product_cat","embeddable":true,"href":"https:\/\/dccomputadores.com.br\/index.php?rest_route=%2Fwp%2Fv2%2Fproduct_cat&post=1541"},{"taxonomy":"product_tag","embeddable":true,"href":"https:\/\/dccomputadores.com.br\/index.php?rest_route=%2Fwp%2Fv2%2Fproduct_tag&post=1541"}],"curies":[{"name":"wp","href":"https:\/\/api.w.org\/{rel}","templated":true}]}}