{"id":1767,"date":"2023-07-03T19:33:14","date_gmt":"2023-07-03T19:33:14","guid":{"rendered":"https:\/\/dccomputadores.com.br\/?post_type=product&#038;p=1767"},"modified":"2023-07-03T19:40:04","modified_gmt":"2023-07-03T19:40:04","slug":"alicate-de-climpagem-rj45","status":"publish","type":"product","link":"https:\/\/dccomputadores.com.br\/?product=alicate-de-climpagem-rj45","title":{"rendered":"Alicate de climpagem RJ45"},"content":{"rendered":"<p>Alicate Para Crimpar Conector RJ45 8 Polos x 8 Polos Crimpador Rj45<\/p>\n<p>INFORMA\u00c7\u00d5ES DO PRODUTO:<br \/>\nO alicate SC-2210 serve para crimpar cabos RJ45 \/ 8Px8C ao conector, corta e desencapa, facilitando o trabalho realizado. Indispens\u00e1vel para trabalhos de rede, telef\u00f4nica e de computadores.<\/p>\n<p>Produtos Kokay, qualidade para voc\u00ea produzir mais.<\/p>\n<p>INFORMA\u00c7\u00d5ES T\u00c9CNICAS:<br \/>\nMarca: Kokay<br \/>\nModelo: SC2210 (056-2210)<br \/>\nUso em Conex\u00e3o: RJ45 \/ 8P8C<br \/>\nEstrutura: forjado em a\u00e7o carbono<br \/>\nCor do Cabo: Azul<br \/>\nDimens\u00f5es: Altura 20cm, Largura 6,5cm e Profundidade 2cm<br \/>\nDimens\u00f5es Com Embalagem: 28cm x 11cm x 3cm<br \/>\nPeso: 320 Gramas<\/p>\n<p>Conte\u00fado da Embalagem:<br \/>\n1 Alicate Clipador RJ45 8p x 8p SC2210<\/p>\n","protected":false},"excerpt":{"rendered":"<p>Alicate Para Crimpar Conector RJ45 8 Polos x 8 Polos Crimpador Rj45<\/p>\n<p>INFORMA\u00c7\u00d5ES DO PRODUTO:<br \/>\nO alicate SC-2210 serve para crimpar cabos RJ45 \/ 8Px8C ao conector, corta e desencapa, facilitando o trabalho realizado. Indispens\u00e1vel para trabalhos de rede, telef\u00f4nica e de computadores.<\/p>\n","protected":false},"featured_media":1768,"comment_status":"open","ping_status":"closed","template":"","meta":[],"product_brand":[],"product_cat":[54],"product_tag":[],"class_list":{"0":"post-1767","1":"product","2":"type-product","3":"status-publish","4":"has-post-thumbnail","6":"product_cat-ferramentas","8":"first","9":"instock","10":"shipping-taxable","11":"purchasable","12":"product-type-simple"},"jetpack_sharing_enabled":true,"_links":{"self":[{"href":"https:\/\/dccomputadores.com.br\/index.php?rest_route=\/wp\/v2\/product\/1767","targetHints":{"allow":["GET"]}}],"collection":[{"href":"https:\/\/dccomputadores.com.br\/index.php?rest_route=\/wp\/v2\/product"}],"about":[{"href":"https:\/\/dccomputadores.com.br\/index.php?rest_route=\/wp\/v2\/types\/product"}],"replies":[{"embeddable":true,"href":"https:\/\/dccomputadores.com.br\/index.php?rest_route=%2Fwp%2Fv2%2Fcomments&post=1767"}],"wp:featuredmedia":[{"embeddable":true,"href":"https:\/\/dccomputadores.com.br\/index.php?rest_route=\/wp\/v2\/media\/1768"}],"wp:attachment":[{"href":"https:\/\/dccomputadores.com.br\/index.php?rest_route=%2Fwp%2Fv2%2Fmedia&parent=1767"}],"wp:term":[{"taxonomy":"product_brand","embeddable":true,"href":"https:\/\/dccomputadores.com.br\/index.php?rest_route=%2Fwp%2Fv2%2Fproduct_brand&post=1767"},{"taxonomy":"product_cat","embeddable":true,"href":"https:\/\/dccomputadores.com.br\/index.php?rest_route=%2Fwp%2Fv2%2Fproduct_cat&post=1767"},{"taxonomy":"product_tag","embeddable":true,"href":"https:\/\/dccomputadores.com.br\/index.php?rest_route=%2Fwp%2Fv2%2Fproduct_tag&post=1767"}],"curies":[{"name":"wp","href":"https:\/\/api.w.org\/{rel}","templated":true}]}}