{"id":1891,"date":"2023-07-31T13:05:02","date_gmt":"2023-07-31T13:05:02","guid":{"rendered":"https:\/\/dccomputadores.com.br\/?post_type=product&#038;p=1891"},"modified":"2023-07-31T13:07:08","modified_gmt":"2023-07-31T13:07:08","slug":"suporte-para-celular-moto-fixa-seguro-carregador-usb-360o","status":"publish","type":"product","link":"https:\/\/dccomputadores.com.br\/?product=suporte-para-celular-moto-fixa-seguro-carregador-usb-360o","title":{"rendered":"Suporte Para Celular Moto Fixa Seguro Carregador Usb 360\u00ba"},"content":{"rendered":"<p>Descri\u00e7\u00e3o<br \/>\nSuporte De Celular ou Gps com carregador USB e fixa\u00e7\u00e3o Segura no retrovisor.<\/p>\n<p>O suporte de guid\u00e3o\/retrovisor para smartphones \u00e9 perfeito para ciclistas e motociclistas que precisam estar conectados aos seus smartphones. A partir de agora, usar aplicativos de geolocaliza\u00e7\u00e3o como Google Maps e Waze e ouvir m\u00fasica ficar\u00e1 muito mais f\u00e1cil.<\/p>\n<p>O suporte com sa\u00edda de USB para carregamento de smartphones trar\u00e1 muito mais praticidade e n\u00e3o vai faltar bateria nos momentos que voc\u00ea mais precisa.<\/p>\n<p>A fixa\u00e7\u00e3o do suporte \u00e9 feita no guid\u00e3o\/retrovisor de bicicletas e motos por meio de uma bra\u00e7adeira de press\u00e3o, que se ajusta at\u00e9 30 mm de di\u00e2metro. Ele possui catraca girat\u00f3ria para ajuste de posi\u00e7\u00e3o com seguran\u00e7a.<\/p>\n<p>As garras contam com borracha protetora oferecendo mais seguran\u00e7a e amortecimento deixando seu smartphone bem protegido contra queda e a\u00e7\u00e3o do tempo. Ajuste com o regulador em giro de 4,5 polegadas \u00e0 7,5 polegadas, do seu aparelho smartphone.<\/p>\n<p>Super fixa\u00e7\u00e3o de guid\u00e3o\/retrovisor<br \/>\nAlimenta\u00e7\u00e3o USB 1A<br \/>\nCompat\u00edvel com Celulares Android e iOS<br \/>\nAparelho seguro e total conectividade<br \/>\nRota\u00e7\u00e3o em 360\u00b0<br \/>\nAjuste de Garra em fus\u00e3o rosquear<br \/>\n*Ideal para diversos dispositivos m\u00f3veis<br \/>\n*Instala\u00e7\u00e3o em retrovisor de motos<br \/>\nCompat\u00edvel com tela de 4.5 \u00e0 7.5 polegadas<br \/>\nSa\u00edda de USB<br \/>\nEntrada alimenta\u00e7\u00e3o: 12V<br \/>\nAlimenta\u00e7\u00e3o de Sa\u00edda: 5V\/2A<br \/>\nCompat\u00edvel para motos e ve\u00edculos com retrovisor lateral em rosca<br \/>\nComprimento do cabo alimenta\u00e7\u00e3o para bateria: cm<br \/>\nMedida do produto: 12.2*7.2*11CM<\/p>\n","protected":false},"excerpt":{"rendered":"<p>Suporte De Celular ou Gps com carregador USB e fixa\u00e7\u00e3o Segura no retrovisor.<\/p>\n<p>O suporte de guid\u00e3o\/retrovisor para smartphones \u00e9 perfeito para ciclistas e motociclistas que precisam estar conectados aos seus smartphones. A partir de agora, usar aplicativos de geolocaliza\u00e7\u00e3o como Google Maps e Waze e ouvir m\u00fasica ficar\u00e1 muito mais f\u00e1cil.<\/p>\n","protected":false},"featured_media":1892,"comment_status":"open","ping_status":"closed","template":"","meta":[],"product_brand":[],"product_cat":[64],"product_tag":[],"class_list":{"0":"post-1891","1":"product","2":"type-product","3":"status-publish","4":"has-post-thumbnail","6":"product_cat-suporte","8":"first","9":"instock","10":"shipping-taxable","11":"purchasable","12":"product-type-simple"},"jetpack_sharing_enabled":true,"_links":{"self":[{"href":"https:\/\/dccomputadores.com.br\/index.php?rest_route=\/wp\/v2\/product\/1891","targetHints":{"allow":["GET"]}}],"collection":[{"href":"https:\/\/dccomputadores.com.br\/index.php?rest_route=\/wp\/v2\/product"}],"about":[{"href":"https:\/\/dccomputadores.com.br\/index.php?rest_route=\/wp\/v2\/types\/product"}],"replies":[{"embeddable":true,"href":"https:\/\/dccomputadores.com.br\/index.php?rest_route=%2Fwp%2Fv2%2Fcomments&post=1891"}],"wp:featuredmedia":[{"embeddable":true,"href":"https:\/\/dccomputadores.com.br\/index.php?rest_route=\/wp\/v2\/media\/1892"}],"wp:attachment":[{"href":"https:\/\/dccomputadores.com.br\/index.php?rest_route=%2Fwp%2Fv2%2Fmedia&parent=1891"}],"wp:term":[{"taxonomy":"product_brand","embeddable":true,"href":"https:\/\/dccomputadores.com.br\/index.php?rest_route=%2Fwp%2Fv2%2Fproduct_brand&post=1891"},{"taxonomy":"product_cat","embeddable":true,"href":"https:\/\/dccomputadores.com.br\/index.php?rest_route=%2Fwp%2Fv2%2Fproduct_cat&post=1891"},{"taxonomy":"product_tag","embeddable":true,"href":"https:\/\/dccomputadores.com.br\/index.php?rest_route=%2Fwp%2Fv2%2Fproduct_tag&post=1891"}],"curies":[{"name":"wp","href":"https:\/\/api.w.org\/{rel}","templated":true}]}}